 + 640. What are the prime factors of d?
2, 3
Suppose 0 = 8*w - 3823 - 3841. What are the prime factors of w?
2, 479
List the prime factors of -1*(-132 - -1 - 3 - 5).
139
Suppose d - 558 = 2*h, -1850 - 966 = -5*d - 3*h. What are the prime factors of d?
2, 281
Suppose -l + 4*y = -1 - 4, -3*y = 6. Let t be 37/(((-6)/l)/4). Suppose 54 = 4*u + f, -5*u + 0*u + t = -2*f. What are the prime factors of u?
2, 7
Suppose -16*c + 24*c = 3528. What are the prime factors of c?
3, 7
Let s = -207 + 115. List the prime factors of s/(-69)*(0 + (-351)/(-2)).
2, 3, 13
Let d(l) = -3*l + 7. Let v be d(3). Let p be 0/v - 12 - 4. List the prime factors of (4/p)/(1/(-76)).
19
Let o be 70 + (-8)/(-36) + 2/(-9). Let x = o + -55. List the prime factors of x.
3, 5
Let s = 16 + -18. Let k be s - (-2 + -2 + -3). List the prime factors of (-45)/(-4) - k/20.
11
Suppose -24 = -29*n + 21*n. Suppose 4*c + 4*m = 2*c + 382, -n*m - 916 = -5*c. List the prime factors of c.
5, 37
Let c(m) = -m**3 - 2*m**2 + 5*m - 3. Let j be c(-4). Suppose -3*s + 7 = -5*o, -2*s - 5*o = -4 - j. Suppose -s*y + 251 = -21. List the prime factors of y.
2, 17
Suppose 0 = -6*f + 1 + 11. Suppose -5*r = -0*d + f*d - 185, -2*r = 3*d - 250. What are the prime factors of d?
2, 5
Let a = 43 - 39. Suppose a = -3*y + 37. What are the prime factors of y?
11
Suppose -99 = p - 208. What are the prime factors of p?
109
Let i(u) be the first derivative of 6*u**2 - 4*u + 14. Let n be (5/(-4))/((-3)/12). List the prime factors of i(n).
2, 7
Let d = 2 - -12. Suppose 3*x - d - 28 = 0. Suppose x = 3*l - l. What are the prime factors of l?
7
Suppose -16 = -w - 4*j, j - 9 = -3*w + 6. Suppose 7*o = 9*o. Suppose o*k = -w*k + 136. What are the prime factors of k?
2, 17
Let n(y) = -y**2 + 4*y + 2. Let j be n(3). Suppose -j*z = -0*z - 4*d - 62, z - 3*d = 19. What are the prime factors of (24/z)/((-2)/(-10))?
2, 3
Let s(o) = 19*o. Let n(l) = 18*l + 1. Let x(t) = 2*n(t) - 3*s(t). Suppose -2 - 7 = 9*p. List the prime factors of x(p).
23
Let o(t) = -t**3 - 6*t**2 + 6*t + 9. Suppose 2*q + 4 + 18 = -4*i, 0 = q - 2*i + 3. Let v be o(q). What are the prime factors of 236/v + 3/(-4)?
2, 7
Let w = -540 - -794. What are the prime factors of w?
2, 127
Suppose -2*v = -c - 692, 0 = 4*c - 3*c - 4. List the prime factors of v.
2, 3, 29
Suppose -76 = -18*w + 158. What are the prime factors of w?
13
Suppose 3*o - i = 18, 3*i = -5*o - i + 13. Suppose -o*y = -25, -3*y = 5*b - 6*y - 195. What are the prime factors of b?
2, 3, 7
Suppose 2*g + 3*g + 2*j - 250 = 0, 119 = 2*g - 3*j. Suppose -48*f = -g*f + 268. What are the prime factors of f?
67
Suppose 2*p - 45 = -3*p. Let t(s) = 18*s - 98. Let m be t(6). Suppose 44 = m*l - p*l. What are the prime factors of l?
2, 11
Let c(n) = -n**3 - 15*n - 14. Let d be c(-5). Let s = 334 - d. What are the prime factors of s?
2, 37
Suppose -u + 2*x + 0*x - 24 = 0, -5*u - 2*x = 96. Suppose 5*s = 5*m, 2*m + 10 = -0*m + 4*s. List the prime factors of ((-8)/m)/(2/u).
2
Let k be 174/9 - 2/6. Suppose -23*w + k*w = -40. What are the prime factors of w?
2, 5
Let u(r) = 21*r + 3. Let p be u(4). Let o = 0 + p. List the prime factors of o.
3, 29
Let x(c) = -c**3 + 18*c**2 - 14*c + 16. Let d = 9 - -8. Let k be x(d). Suppose 47 = 2*j - k. What are the prime factors of j?
3, 19
Let g = -26 - -122. Let v = -34 + g. What are the prime factors of v?
2, 31
Suppose -3*f - 4*j + 7563 = 0, -4*f - j = -2*j - 10103. List the prime factors of f.
5, 101
Let g(t) = -2*t - 11. Let d be g(-5). Let j be ((-2)/(-2))/d + 96. Suppose 0 = 5*b + 5 - j. List the prime factors of b.
2, 3
Let o be 8/6*2937/11. Let z = -165 + o. What are the prime factors of z?
191
Let k be (-10)/2 + 0 + 3. Let t(h) = 2*h**2 + 5*h + 4. Let w be t(k). Suppose 5*q + 2*g = 166, -2*q - q + 106 = -w*g. What are the prime factors of q?
2, 17
Suppose -3*o = -12, -w - 3*o = -6*w - 1252. Let r = -139 - w. List the prime factors of r.
109
Let z(n) = -4*n**3 + 10*n**2 - 4*n - 13. Let q(l) = 5*l**3 - 10*l**2 + 5*l + 14. Let r(f) = -3*q(f) - 4*z(f). What are the prime factors of r(10)?
2, 5
List the prime factors of ((-108)/(-21))/(7/((-46844)/(-8))).
2, 3, 239
Suppose -2*j + 2*y = -j + 11, 3*j = -2*y - 1. Suppose -4*o + 5*v = -27, 29 = 4*o + 2*v - 5*v. Let l = o - j. What are the prime factors of l?
11
Let q be (-284)/(-12) + (-1)/(-3). Suppose q - 9 = 3*a. Let n(w) = 10*w - 13. List the prime factors of n(a).
37
List the prime factors of (226 - 5) + -6 + 6.
13, 17
Let g(v) be the second derivative of -v**5/20 - 4*v**4/3 + 5*v**3/2 - 6*v**2 - 17*v. What are the prime factors of g(-17)?
2, 11
Suppose -4*k + 48 = -160. List the prime factors of k.
2, 13
Let v(j) = j**3 - 18*j**2 - j + 23. Let b be v(18). Suppose -14 = -3*t + 1. Suppose 3*l + 4*p = b*p + 130, -4*p = -t*l + 226. List the prime factors of l.
2, 3, 7
Suppose 0 = -264*u + 256*u + 21784. List the prime factors of u.
7, 389
Suppose 58*u = -h + 55*u + 2212, 4*u = 2*h - 4434. List the prime factors of h.
5, 443
Let d(x) = -49*x + 4 + 15*x + 16*x - 58*x. List the prime factors of d(-2).
2, 3, 13
Suppose r - 2*s - 11 = 0, 3*r + 5 = -3*s - 7. Suppose -r - 7 = 4*k. List the prime factors of ((-90)/(-50))/(k/(-10)).
3
Let o be 4 - (-8 - -4 - 32). Suppose 6*m + 45 = 3*m. Let r = o + m. What are the prime factors of r?
5
Suppose 0 = -255*a + 277*a - 4708. List the prime factors of a.
2, 107
Let y(t) = -2*t + 120. List the prime factors of y(6).
2, 3
Let s(a) = -28*a + 94 - 97 - 4*a. List the prime factors of s(-2).
61
Let a(z) = 13*z**2 - 2. Let u be a(2). Let v = u - 42. List the prime factors of v.
2
Let r(g) = g**2 + 2*g + 4. Let c be r(-3). What are the prime factors of c*6*46/23?
2, 3, 7
Suppose o + y = 2*o - 6, 0 = -2*o - 5*y + 40. List the prime factors of 63 + (-4)/14 + o/(-14).
2, 31
Let n(k) = -k. Let l(h) = -h**3 + 11*h**2 - 6*h - 17. Let p(d) = -l(d) + 3*n(d). What are the prime factors of p(11)?
2, 5
Suppose -7*x + 10*x = 462. What are the prime factors of 1 - (36/14)/((-11)/x)?
37
Let d(t) = -111*t + 136. List the prime factors of d(-8).
2
Let m(i) = -i**2 + 6*i + 1. Let r be m(5). Let v(o) = -o**3 + 5*o**2 + 8*o - 2. Let x be v(r). Let y = x - -14. What are the prime factors of y?
2, 3
Let k = 9 - 5. Suppose 0*f + 2*f - 224 = 0. Suppose -f = -0*b - 4*b + k*i, -2*i = -b + 29. What are the prime factors of b?
3
Suppose -5*q - 2*m = -3*q + 30, -5*q + 4*m = 66. Let n = q + 31. List the prime factors of n.
17
Let w(v) = 4*v**2 + 41*v + 198. List the prime factors of w(-26).
2, 3, 17
Let k be -2*((-3)/6 - -1). What are the prime factors of (k + -1)/(8/(-80))?
2, 5
Let d(o) = o**3 + 22*o**2 + 15*o - 18. Let s be d(-21). Let t = 179 - s. List the prime factors of t.
71
Let n(o) be the first derivative of o**4/4 - 7*o**3/3 - 3*o**2/2 - 10*o + 6. What are the prime factors of n(8)?
2, 3, 5
Suppose 4*f = 2*s - 0*f - 258, -f = -3*s + 387. List the prime factors of s.
3, 43
List the prime factors of ((-48)/14 + -12)*560/(-6).
2, 3, 5
Let k = 290 + -38. What are the prime factors of k?
2, 3, 7
Let u(z) be the first derivative of -2*z**2 + 3 - 3*z + 1/3*z**3. List the prime factors of u(-2).
3
Suppose -134*w + 143*w = 46935. List the prime factors of w.
5, 7, 149
Let m(u) = 71*u**2 + 2*u - 7. Let h(n) = n - 2. Let f be h(4). List the prime factors of m(f).
281
Let l(g) = -2*g**2 + 15*g - 15. Let w be l(6). Let q = -5 - -5. Suppose 35 = a - y - q*y, -w*a + 93 = 3*y. What are the prime factors of a?
3, 11
Let d(l) = l + 2. Let m be d(1). Suppose m*z + z = 0. List the prime factors of (2 - z) + 28 + -5.
5
Let a(y) = -y**2 - 7*y + 6. Let z be a(-7). Let t = z + -3. Suppose -3*p + 3*d + 136 = 2*d, 3*p - 138 = t*d. List the prime factors of p.
3, 5
Let f be (-51)/5*(22 - 17). What are the prime factors of f/(-1) - (5 + -3)?
7
Suppose 0*q + 5*z = -2*q + 49, 5*q - 45 = 3*z. Let s(i) be the second derivative of i**4/12 - 11*i**3/6 + 3*i**2 - 13*i. What are the prime factors of s(q)?
2, 3
List the prime factors of 11 + 700/(-63) - (-28063)/9.
2, 1559
Suppose 3*q - 17334 = -15*q. List the prime factors of q.
3, 107
Suppose -4*o = 20, -4*p + 4*o = -23 - 9. Let x(t) = 17*t - 18*t + 37*t**3 - 2*t**2 - 35*t**3. List the prime factors of x(p).
3, 11
Suppose -2*u + 655 = -u + 4*i, -2*u - i = -1310. What are the prime factors of u?
5, 131
Suppose 0*